{"id":58,"date":"2021-10-07T22:20:41","date_gmt":"2021-10-07T20:20:41","guid":{"rendered":"http:\/\/valeriebogaert.fr\/?page_id=58"},"modified":"2024-07-24T20:25:10","modified_gmt":"2024-07-24T18:25:10","slug":"mes-oeuvres","status":"publish","type":"page","link":"https:\/\/valeriebogaert.fr\/?page_id=58","title":{"rendered":"COACHING"},"content":{"rendered":"\n<h2 class=\"wp-block-heading\">Coaching individuel<\/h2>\n\n\n\n<ul>\n<li>Vous vous posez des questions sur votre motivation et votre avenir professionnel ?<\/li>\n<\/ul>\n\n\n\n<ul>\n<li>Vous voulez d\u00e9velopper une posture de manager, faire preuve de plus d&#8217;assertivit\u00e9 ?<\/li>\n<\/ul>\n\n\n\n<ul>\n<li>Vous souhaitez renforcer votre leadership pour partager votre vision ?<\/li>\n<\/ul>\n\n\n\n<p>Que vous soyez ind\u00e9pendant, salari\u00e9, en phase de reconversion, manager, entrepreneur, un coaching individuel est l&#8217;occasion de prendre du recul, de r\u00e9fl\u00e9chir \u00e0 un objectif professionnel et de faire \u00e9merger de nouvelles id\u00e9es gr\u00e2ce \u00e0 un questionnement sp\u00e9cifique.<\/p>\n\n\n\n<p><strong>Comment cela se passe t-il concr\u00e8tement ?<\/strong><\/p>\n\n\n\n<p>L&#8217;accompagnement comprend en g\u00e9n\u00e9ral de 6 \u00e0 8 s\u00e9ances r\u00e9guli\u00e8res de 1h \u00e0 1h30 sur une p\u00e9riode de 3 \u00e0 6 mois, en pr\u00e9sence, \u00e0 distance ou en alternant les deux. <\/p>\n\n\n\n<p>Ensemble nous viendrons explorer vos motivations profondes ainsi que vos freins et croyances limitantes. Un cycle de coaching est souvent l&#8217;occasion de mettre en lumi\u00e8re vos ressources et comp\u00e9tences. <\/p>\n\n\n\n<p>Vous l&#8217;aurez compris, je suis adepte des approche cr\u00e9atives et il se peut que nous allions marcher, que je vous propose de suivre votre intuition avec un jeu de cartes de photo-langage&#8230;<\/p>\n\n\n\n<p><strong>Ce qui est s\u00fbr c&#8217;est que cette d\u00e9marche vise \u00e0 vous faire identifier des actions concr\u00e8tes \u00e0 mettre en place pour vous rapprocher peu \u00e0 peu de votre objectif !<\/strong><\/p>\n\n\n\n<p>\ud83c\udfaf Envie d&#8217;am\u00e9liorer durablement votre efficacit\u00e9 personnelle ? <a href=\"http:\/\/valeriebogaert.fr\/?page_id=8\">Parlons-nous <\/a><\/p>\n\n\n\n<div class=\"wp-block-jetpack-tiled-gallery aligncenter is-style-rectangular has-rounded-corners-20\"><div class=\"tiled-gallery__gallery\"><div class=\"tiled-gallery__row\"><div class=\"tiled-gallery__col\" style=\"flex-basis:33.33333%\"><figure class=\"tiled-gallery__item\"><img decoding=\"async\" srcset=\"https:\/\/i0.wp.com\/valeriebogaert.fr\/wp-content\/uploads\/2023\/10\/Coaching-prise-de-hauteur-avec-Valerie-Bogaert-768x1024.jpg?strip=info&#038;w=600 600w,https:\/\/i0.wp.com\/valeriebogaert.fr\/wp-content\/uploads\/2023\/10\/Coaching-prise-de-hauteur-avec-Valerie-Bogaert-768x1024.jpg?strip=info&#038;w=900 900w,https:\/\/i0.wp.com\/valeriebogaert.fr\/wp-content\/uploads\/2023\/10\/Coaching-prise-de-hauteur-avec-Valerie-Bogaert-768x1024.jpg?strip=info&#038;w=1200 1200w,https:\/\/i0.wp.com\/valeriebogaert.fr\/wp-content\/uploads\/2023\/10\/Coaching-prise-de-hauteur-avec-Valerie-Bogaert-768x1024.jpg?strip=info&#038;w=1500 1500w,https:\/\/i0.wp.com\/valeriebogaert.fr\/wp-content\/uploads\/2023\/10\/Coaching-prise-de-hauteur-avec-Valerie-Bogaert-768x1024.jpg?strip=info&#038;w=1512 1512w\" alt=\"Valerie Bogaert coach professionnelle certifi\u00e9e\" data-height=\"2016\" data-id=\"385\" data-link=\"http:\/\/valeriebogaert.fr\/?attachment_id=385\" data-url=\"http:\/\/valeriebogaert.fr\/wp-content\/uploads\/2023\/10\/Coaching-prise-de-hauteur-avec-Valerie-Bogaert-768x1024.jpg\" data-width=\"1512\" src=\"https:\/\/i0.wp.com\/valeriebogaert.fr\/wp-content\/uploads\/2023\/10\/Coaching-prise-de-hauteur-avec-Valerie-Bogaert-768x1024.jpg\" data-amp-layout=\"responsive\"\/><\/figure><\/div><div class=\"tiled-gallery__col\" style=\"flex-basis:33.33333%\"><figure class=\"tiled-gallery__item\"><img decoding=\"async\" srcset=\"https:\/\/i0.wp.com\/valeriebogaert.fr\/wp-content\/uploads\/2023\/10\/Retrouver-du-peps-coaching-individuel-Valerie-Bogaert-768x1024.jpg?strip=info&#038;w=600 600w,https:\/\/i0.wp.com\/valeriebogaert.fr\/wp-content\/uploads\/2023\/10\/Retrouver-du-peps-coaching-individuel-Valerie-Bogaert-768x1024.jpg?strip=info&#038;w=900 900w,https:\/\/i0.wp.com\/valeriebogaert.fr\/wp-content\/uploads\/2023\/10\/Retrouver-du-peps-coaching-individuel-Valerie-Bogaert-768x1024.jpg?strip=info&#038;w=1200 1200w,https:\/\/i0.wp.com\/valeriebogaert.fr\/wp-content\/uploads\/2023\/10\/Retrouver-du-peps-coaching-individuel-Valerie-Bogaert-768x1024.jpg?strip=info&#038;w=1500 1500w,https:\/\/i0.wp.com\/valeriebogaert.fr\/wp-content\/uploads\/2023\/10\/Retrouver-du-peps-coaching-individuel-Valerie-Bogaert-768x1024.jpg?strip=info&#038;w=1512 1512w\" alt=\"\" data-height=\"2016\" data-id=\"386\" data-link=\"http:\/\/valeriebogaert.fr\/?attachment_id=386\" data-url=\"http:\/\/valeriebogaert.fr\/wp-content\/uploads\/2023\/10\/Retrouver-du-peps-coaching-individuel-Valerie-Bogaert-768x1024.jpg\" data-width=\"1512\" src=\"https:\/\/i0.wp.com\/valeriebogaert.fr\/wp-content\/uploads\/2023\/10\/Retrouver-du-peps-coaching-individuel-Valerie-Bogaert-768x1024.jpg\" data-amp-layout=\"responsive\"\/><\/figure><\/div><div class=\"tiled-gallery__col\" style=\"flex-basis:33.33333%\"><figure class=\"tiled-gallery__item\"><img decoding=\"async\" srcset=\"https:\/\/i0.wp.com\/valeriebogaert.fr\/wp-content\/uploads\/2023\/10\/Coaching-pour-trouver-du-sens-avec-Valerie-Bogaert-768x1024.jpg?strip=info&#038;w=600 600w,https:\/\/i0.wp.com\/valeriebogaert.fr\/wp-content\/uploads\/2023\/10\/Coaching-pour-trouver-du-sens-avec-Valerie-Bogaert-768x1024.jpg?strip=info&#038;w=900 900w,https:\/\/i0.wp.com\/valeriebogaert.fr\/wp-content\/uploads\/2023\/10\/Coaching-pour-trouver-du-sens-avec-Valerie-Bogaert-768x1024.jpg?strip=info&#038;w=1200 1200w,https:\/\/i0.wp.com\/valeriebogaert.fr\/wp-content\/uploads\/2023\/10\/Coaching-pour-trouver-du-sens-avec-Valerie-Bogaert-768x1024.jpg?strip=info&#038;w=1500 1500w,https:\/\/i0.wp.com\/valeriebogaert.fr\/wp-content\/uploads\/2023\/10\/Coaching-pour-trouver-du-sens-avec-Valerie-Bogaert-768x1024.jpg?strip=info&#038;w=1512 1512w\" alt=\"\" data-height=\"2016\" data-id=\"387\" data-link=\"http:\/\/valeriebogaert.fr\/?attachment_id=387\" data-url=\"http:\/\/valeriebogaert.fr\/wp-content\/uploads\/2023\/10\/Coaching-pour-trouver-du-sens-avec-Valerie-Bogaert-768x1024.jpg\" data-width=\"1512\" src=\"https:\/\/i0.wp.com\/valeriebogaert.fr\/wp-content\/uploads\/2023\/10\/Coaching-pour-trouver-du-sens-avec-Valerie-Bogaert-768x1024.jpg\" data-amp-layout=\"responsive\"\/><\/figure><\/div><\/div><\/div><\/div>\n\n\n\n<h2 class=\"wp-block-heading\">Coaching d&#8217;\u00e9quipe<\/h2>\n\n\n\n<ul>\n<li>Vous voulez renforcer la coh\u00e9sion au sein d&#8217;un collectif ?<\/li>\n\n\n\n<li>Vous souhaitez booster la performance d&#8217;un groupe ?<\/li>\n\n\n\n<li>Vous pensez que 1+1=3 ?<\/li>\n<\/ul>\n\n\n\n<p>Coacher une \u00e9quipe est un processus qui se construit par \u00e9tapes pour capitaliser sur les forces de chacun, lever les freins, se mettre d&#8217;accord sur des objectifs et impulser une dynamique adhoc.<\/p>\n\n\n\n<div class=\"wp-block-jetpack-tiled-gallery aligncenter is-style-rectangular has-rounded-corners-20\"><div class=\"tiled-gallery__gallery\"><div class=\"tiled-gallery__row\"><div class=\"tiled-gallery__col\" style=\"flex-basis:26.49419%\"><figure class=\"tiled-gallery__item\"><img decoding=\"async\" srcset=\"https:\/\/i0.wp.com\/valeriebogaert.fr\/wp-content\/uploads\/2023\/10\/Coaching-dequipe-V.Bogaert-2023.jpg-768x1024.jpeg?strip=info&#038;w=600 600w,https:\/\/i0.wp.com\/valeriebogaert.fr\/wp-content\/uploads\/2023\/10\/Coaching-dequipe-V.Bogaert-2023.jpg-768x1024.jpeg?strip=info&#038;w=900 900w,https:\/\/i0.wp.com\/valeriebogaert.fr\/wp-content\/uploads\/2023\/10\/Coaching-dequipe-V.Bogaert-2023.jpg-768x1024.jpeg?strip=info&#038;w=1200 1200w,https:\/\/i0.wp.com\/valeriebogaert.fr\/wp-content\/uploads\/2023\/10\/Coaching-dequipe-V.Bogaert-2023.jpg-768x1024.jpeg?strip=info&#038;w=1500 1500w,https:\/\/i0.wp.com\/valeriebogaert.fr\/wp-content\/uploads\/2023\/10\/Coaching-dequipe-V.Bogaert-2023.jpg-768x1024.jpeg?strip=info&#038;w=1512 1512w\" alt=\"\" data-height=\"2016\" data-id=\"401\" data-link=\"https:\/\/valeriebogaert.fr\/?attachment_id=401\" data-url=\"http:\/\/valeriebogaert.fr\/wp-content\/uploads\/2023\/10\/Coaching-dequipe-V.Bogaert-2023.jpg-768x1024.jpeg\" data-width=\"1512\" src=\"https:\/\/i0.wp.com\/valeriebogaert.fr\/wp-content\/uploads\/2023\/10\/Coaching-dequipe-V.Bogaert-2023.jpg-768x1024.jpeg\" data-amp-layout=\"responsive\"\/><\/figure><\/div><div class=\"tiled-gallery__col\" style=\"flex-basis:47.01163%\"><figure class=\"tiled-gallery__item\"><img decoding=\"async\" srcset=\"https:\/\/i2.wp.com\/valeriebogaert.fr\/wp-content\/uploads\/2023\/10\/Coaching-dequipe-et-cohesion-V.Bogaert-2023-1024x768.jpg?strip=info&#038;w=600 600w,https:\/\/i2.wp.com\/valeriebogaert.fr\/wp-content\/uploads\/2023\/10\/Coaching-dequipe-et-cohesion-V.Bogaert-2023-1024x768.jpg?strip=info&#038;w=900 900w,https:\/\/i2.wp.com\/valeriebogaert.fr\/wp-content\/uploads\/2023\/10\/Coaching-dequipe-et-cohesion-V.Bogaert-2023-1024x768.jpg?strip=info&#038;w=1200 1200w,https:\/\/i2.wp.com\/valeriebogaert.fr\/wp-content\/uploads\/2023\/10\/Coaching-dequipe-et-cohesion-V.Bogaert-2023-1024x768.jpg?strip=info&#038;w=1500 1500w,https:\/\/i2.wp.com\/valeriebogaert.fr\/wp-content\/uploads\/2023\/10\/Coaching-dequipe-et-cohesion-V.Bogaert-2023-1024x768.jpg?strip=info&#038;w=1800 1800w,https:\/\/i2.wp.com\/valeriebogaert.fr\/wp-content\/uploads\/2023\/10\/Coaching-dequipe-et-cohesion-V.Bogaert-2023-1024x768.jpg?strip=info&#038;w=2000 2000w\" alt=\"\" data-height=\"1512\" data-id=\"400\" data-link=\"https:\/\/valeriebogaert.fr\/?attachment_id=400\" data-url=\"http:\/\/valeriebogaert.fr\/wp-content\/uploads\/2023\/10\/Coaching-dequipe-et-cohesion-V.Bogaert-2023-1024x768.jpg\" data-width=\"2016\" src=\"https:\/\/i2.wp.com\/valeriebogaert.fr\/wp-content\/uploads\/2023\/10\/Coaching-dequipe-et-cohesion-V.Bogaert-2023-1024x768.jpg\" data-amp-layout=\"responsive\"\/><\/figure><\/div><div class=\"tiled-gallery__col\" style=\"flex-basis:26.49419%\"><figure class=\"tiled-gallery__item\"><img decoding=\"async\" srcset=\"https:\/\/i1.wp.com\/valeriebogaert.fr\/wp-content\/uploads\/2023\/10\/Coaching-dequipe-et-talents-V.Bogaert-2023-1-768x1024.jpg?strip=info&#038;w=600 600w,https:\/\/i1.wp.com\/valeriebogaert.fr\/wp-content\/uploads\/2023\/10\/Coaching-dequipe-et-talents-V.Bogaert-2023-1-768x1024.jpg?strip=info&#038;w=900 900w,https:\/\/i1.wp.com\/valeriebogaert.fr\/wp-content\/uploads\/2023\/10\/Coaching-dequipe-et-talents-V.Bogaert-2023-1-768x1024.jpg?strip=info&#038;w=1200 1200w,https:\/\/i1.wp.com\/valeriebogaert.fr\/wp-content\/uploads\/2023\/10\/Coaching-dequipe-et-talents-V.Bogaert-2023-1-768x1024.jpg?strip=info&#038;w=1500 1500w,https:\/\/i1.wp.com\/valeriebogaert.fr\/wp-content\/uploads\/2023\/10\/Coaching-dequipe-et-talents-V.Bogaert-2023-1-768x1024.jpg?strip=info&#038;w=1512 1512w\" alt=\"coaching collectif par Val\u00e9rie Bogaert\" data-height=\"2016\" data-id=\"402\" data-link=\"https:\/\/valeriebogaert.fr\/?attachment_id=402\" data-url=\"http:\/\/valeriebogaert.fr\/wp-content\/uploads\/2023\/10\/Coaching-dequipe-et-talents-V.Bogaert-2023-1-768x1024.jpg\" data-width=\"1512\" src=\"https:\/\/i1.wp.com\/valeriebogaert.fr\/wp-content\/uploads\/2023\/10\/Coaching-dequipe-et-talents-V.Bogaert-2023-1-768x1024.jpg\" data-amp-layout=\"responsive\"\/><\/figure><\/div><\/div><\/div><\/div>\n\n\n\n<h2 class=\"wp-block-heading\">Mon ADN comme coach<\/h2>\n\n\n\n<p>Les comp\u00e9tences comportementales les plus demand\u00e9es en entreprise sont la communication, la r\u00e9solution de probl\u00e8mes complexes, le travail en \u00e9quipe, l\u2019adaptabilit\u00e9 et la cr\u00e9ativit\u00e9. Cela ressemble \u00e9tonnamment aux qualit\u00e9s qui me semblent n\u00e9cessaires pour \u00eatre coach.<\/p>\n\n\n\n<p>Je consid\u00e8re en effet qu\u2019\u00eatre coach, c\u2019est l\u2019art de donner \u00e0 voir l\u2019invisible et le beau en chacun pour que chacun prenne sa place.<\/p>\n\n\n\n<p>Je souscris aux principes \u00e9thiques du \u00ab Comit\u00e9 d\u2019\u00e9thique du Coaching \u00bb et adh\u00e8re au SFAPEC, (Syndicat Fran\u00e7ais des Acteurs Professionnels du Coaching).<\/p>\n\n\n\n<p><strong>En pratique :<\/strong><\/p>\n\n\n\n<p>Les s\u00e9ances peuvent avoir lieu en pr\u00e9sence comme \u00e0 distance.<\/p>\n\n\n\n<p><a rel=\"noreferrer noopener\" href=\"https:\/\/valeriebogaert.fr\/?page_id=8\" target=\"_blank\">Contactez moi<\/a> pour un appel d\u00e9couverte gratuit de 30 minutes.<\/p>\n\n\n\n<h2 class=\"wp-block-heading\">T\u00e9moignages<strong> <\/strong> <\/h2>\n\n\n\n<p><em>Dans un souci de confidentialit\u00e9 seuls les pr\u00e9noms ont \u00e9t\u00e9 gard\u00e9s<\/em><\/p>\n\n\n\n<ul>\n<li>Edith &#8211; f\u00e9vrier 2024 &#8211; en reconversion suite \u00e0 un licenciement \u00e9conomique : &#8220;<em>Val\u00e9rie m&#8217;a accompagn\u00e9e \u00e0 atteindre mes objectifs, et j&#8217;en suis compl\u00e8tement satisfaite. Cet accompagnement me permet \u00e0 aujourd&#8217;hui de gagner en efficacit\u00e9 et en s\u00e9r\u00e9nit\u00e9. Son accompagnement se veut bienveillant. Val\u00e9rie sait cr\u00e9er un espace d&#8217;\u00e9change ou l&#8217;on se sent en confiance. Foncez!!<\/em>&#8220;<\/li>\n\n\n\n<li>Emilie &#8211; janvier 2024 &#8211; directrice du d\u00e9veloppement : &#8220;<em>Vous pouvez faire confiance \u00e0 Val\u00e9rie pour son \u00e9coute et sa bienveillance. Son accompagnement juste m\u2019a permis de trouver mon chemin professionnel en prenant conscience des forces et des leviers qui me sont propres. Aidez-vous, laissez Val\u00e9rie croiser votre chemin !<\/em>&#8220;<\/li>\n\n\n\n<li>Louise- octobre 2023 &#8211; psychologue et formatrice : &#8220;<em>un tr\u00e8s beau parcours de coaching r\u00e9alis\u00e9 avec Val\u00e9rie. Gr\u00e2ce \u00e0 son \u0153il bienveillant et p\u00e9tillant, j\u2019ai pu atteindre mes objectifs, et m\u00eame au del\u00e0 de ce que j\u2019esp\u00e9rais ! Mille merci !<\/em>&#8220;<\/li>\n\n\n\n<li>Victoria &#8211; ao\u00fbt 2023 &#8211; responsable RSE : &#8220;<em>J&#8217;ai eu la chance d&#8217;\u00eatre coach\u00e9e par Val\u00e9rie. Ses qualit\u00e9s d&#8217;\u00e9coute, d&#8217;empathie et de bienveillance (piquante!) ont g\u00e9n\u00e9r\u00e9 de belles prises de conscience. Sa douceur, sa cr\u00e9ativit\u00e9 et son humour ont fait de nos \u00e9changes de vrais moments de ressourcement. MERCI Val\u00e9rie!<\/em>&#8220;<\/li>\n<\/ul>\n\n\n\n<p>Ils m&#8217;ont fait confiance r\u00e9cemment :<\/p>\n\n\n\n<div class=\"wp-block-columns are-vertically-aligned-center is-layout-flex wp-container-4 wp-block-columns-is-layout-flex\">\n<div class=\"wp-block-column is-vertically-aligned-center is-layout-flow wp-block-column-is-layout-flow\" style=\"flex-basis:100%\">\n<div class=\"wp-block-columns is-layout-flex wp-container-2 wp-block-columns-is-layout-flex\">\n<div class=\"wp-block-column is-layout-flow wp-block-column-is-layout-flow\" style=\"flex-basis:100%\">\n<div class=\"wp-block-jetpack-tiled-gallery is-style-columns\"><div class=\"tiled-gallery__gallery\"><div class=\"tiled-gallery__row\"><div class=\"tiled-gallery__col\" style=\"flex-basis:39.54133%\"><figure class=\"tiled-gallery__item\"><img decoding=\"async\" srcset=\"https:\/\/i1.wp.com\/valeriebogaert.fr\/wp-content\/uploads\/2024\/07\/cropped-Normandie_Tourisme_RVB-1024x290.png?strip=info&#038;w=600 600w,https:\/\/i1.wp.com\/valeriebogaert.fr\/wp-content\/uploads\/2024\/07\/cropped-Normandie_Tourisme_RVB-1024x290.png?strip=info&#038;w=900 900w,https:\/\/i1.wp.com\/valeriebogaert.fr\/wp-content\/uploads\/2024\/07\/cropped-Normandie_Tourisme_RVB-1024x290.png?strip=info&#038;w=1058 1058w\" alt=\"\" data-height=\"300\" data-id=\"631\" data-link=\"http:\/\/valeriebogaert.fr\/?attachment_id=631\" data-url=\"http:\/\/valeriebogaert.fr\/wp-content\/uploads\/2024\/07\/cropped-Normandie_Tourisme_RVB-1024x290.png\" data-width=\"1058\" src=\"https:\/\/i1.wp.com\/valeriebogaert.fr\/wp-content\/uploads\/2024\/07\/cropped-Normandie_Tourisme_RVB-1024x290.png\" data-amp-layout=\"responsive\"\/><\/figure><\/div><div class=\"tiled-gallery__col\" style=\"flex-basis:41.79735%\"><figure class=\"tiled-gallery__item\"><img decoding=\"async\" srcset=\"https:\/\/i0.wp.com\/valeriebogaert.fr\/wp-content\/uploads\/2024\/07\/Screenshot-2024-07-24-at-17-08-39-FormaZen-Faites-de-la-formation-votre-seul-metier.png?strip=info&#038;w=552 552w\" alt=\"\" data-height=\"148\" data-id=\"630\" data-link=\"http:\/\/valeriebogaert.fr\/?attachment_id=630\" data-url=\"http:\/\/valeriebogaert.fr\/wp-content\/uploads\/2024\/07\/Screenshot-2024-07-24-at-17-08-39-FormaZen-Faites-de-la-formation-votre-seul-metier.png\" data-width=\"552\" src=\"https:\/\/i0.wp.com\/valeriebogaert.fr\/wp-content\/uploads\/2024\/07\/Screenshot-2024-07-24-at-17-08-39-FormaZen-Faites-de-la-formation-votre-seul-metier.png\" data-amp-layout=\"responsive\"\/><\/figure><\/div><div class=\"tiled-gallery__col\" style=\"flex-basis:18.66132%\"><figure class=\"tiled-gallery__item\"><img decoding=\"async\" srcset=\"https:\/\/i1.wp.com\/valeriebogaert.fr\/wp-content\/uploads\/2024\/07\/CE528A1B.png?strip=info&#038;w=453 453w\" alt=\"\" data-height=\"275\" data-id=\"633\" data-link=\"http:\/\/valeriebogaert.fr\/?attachment_id=633\" data-url=\"http:\/\/valeriebogaert.fr\/wp-content\/uploads\/2024\/07\/CE528A1B.png\" data-width=\"453\" src=\"https:\/\/i1.wp.com\/valeriebogaert.fr\/wp-content\/uploads\/2024\/07\/CE528A1B.png\" data-amp-layout=\"responsive\"\/><\/figure><\/div><\/div><\/div><\/div>\n<\/div>\n<\/div>\n<\/div>\n<\/div>\n\n\n\n<h2 class=\"wp-block-heading\">Formations<\/h2>\n\n\n\n<ul>\n<li>Coach professionnelle certifi\u00e9e &#8211; formation dispens\u00e9e par le <a href=\"https:\/\/www.ecosia.org\/search?q=centre%20international%20du%20coach&amp;addon=firefox&amp;addonversion=4.1.0&amp;method=topbar\" data-type=\"link\" data-id=\"https:\/\/www.ecosia.org\/search?q=centre%20international%20du%20coach&amp;addon=firefox&amp;addonversion=4.1.0&amp;method=topbar\">Centre International du Coach<\/a><\/li>\n\n\n\n<li>Pratiques narratives (Arbre et Voyage de Vie) &#8211; avec Dina Scherrer <\/li>\n\n\n\n<li>Mod\u00e8le des profils de personnalit\u00e9 Enn\u00e9agramme &#8211; Cycle 1 avec le Centre d&#8217;Etudes de l&#8217;Enn\u00e9agramme<\/li>\n\n\n\n<li>Introduction \u00e0 l&#8217;Analyse Transactionnelle &#8211; Cours 101 avec Stan Mador\u00e9 <\/li>\n\n\n\n<li>La gestion du risque en management (jeu des cubes) &#8211; avec Alain Cardon<\/li>\n<\/ul>\n\n\n\n<div class=\"wp-block-jetpack-tiled-gallery aligncenter is-style-rectangular\"><div class=\"tiled-gallery__gallery\"><div class=\"tiled-gallery__row\"><div class=\"tiled-gallery__col\" style=\"flex-basis:46.58330%\"><figure class=\"tiled-gallery__item\"><img decoding=\"async\" srcset=\"https:\/\/i0.wp.com\/valeriebogaert.fr\/wp-content\/uploads\/2023\/10\/LABEL-CIC-Coach-certifie.jpg?strip=info&#038;w=414 414w\" alt=\"Val\u00e9rie Bogaert coach professionnelle certifi\u00e9e\" data-height=\"554\" data-id=\"380\" data-link=\"http:\/\/valeriebogaert.fr\/?attachment_id=380\" data-url=\"http:\/\/valeriebogaert.fr\/wp-content\/uploads\/2023\/10\/LABEL-CIC-Coach-certifie.jpg\" data-width=\"414\" src=\"https:\/\/i0.wp.com\/valeriebogaert.fr\/wp-content\/uploads\/2023\/10\/LABEL-CIC-Coach-certifie.jpg\" data-amp-layout=\"responsive\"\/><\/figure><\/div><div class=\"tiled-gallery__col\" style=\"flex-basis:53.41670%\"><figure class=\"tiled-gallery__item\"><img decoding=\"async\" srcset=\"https:\/\/i2.wp.com\/valeriebogaert.fr\/wp-content\/uploads\/2023\/12\/logo-Sfapec.png?strip=info&#038;w=120 120w\" alt=\"\" data-height=\"140\" data-id=\"486\" data-link=\"http:\/\/valeriebogaert.fr\/?attachment_id=486\" data-url=\"http:\/\/valeriebogaert.fr\/wp-content\/uploads\/2023\/12\/logo-Sfapec.png\" data-width=\"120\" src=\"https:\/\/i2.wp.com\/valeriebogaert.fr\/wp-content\/uploads\/2023\/12\/logo-Sfapec.png\" data-amp-layout=\"responsive\"\/><\/figure><\/div><\/div><\/div><\/div>\n","protected":false},"excerpt":{"rendered":"<p>Que vous soyez ind\u00e9pendant, salari\u00e9, en phase de reconversion, manager, entrepreneur, un coaching individuel est l\u2019occasion de prendre du recul, de r\u00e9fl\u00e9chir \u00e0 un objectif professionnel et de faire \u00e9merger de nouvelles id\u00e9es <\/p>\n","protected":false},"author":1,"featured_media":462,"parent":0,"menu_order":0,"comment_status":"closed","ping_status":"closed","template":"","meta":{"advanced_seo_description":"Vous voulez renforcer la coh\u00e9sion au sein d'un collectif ?\nVous souhaitez booster la performance d'un groupe ?","jetpack_seo_html_title":"Coacher une \u00e9quipe","jetpack_seo_noindex":false,"footnotes":""},"jetpack_sharing_enabled":true,"jetpack-related-posts":[],"_links":{"self":[{"href":"https:\/\/valeriebogaert.fr\/index.php?rest_route=\/wp\/v2\/pages\/58"}],"collection":[{"href":"https:\/\/valeriebogaert.fr\/index.php?rest_route=\/wp\/v2\/pages"}],"about":[{"href":"https:\/\/valeriebogaert.fr\/index.php?rest_route=\/wp\/v2\/types\/page"}],"author":[{"embeddable":true,"href":"https:\/\/valeriebogaert.fr\/index.php?rest_route=\/wp\/v2\/users\/1"}],"replies":[{"embeddable":true,"href":"https:\/\/valeriebogaert.fr\/index.php?rest_route=%2Fwp%2Fv2%2Fcomments&post=58"}],"version-history":[{"count":21,"href":"https:\/\/valeriebogaert.fr\/index.php?rest_route=\/wp\/v2\/pages\/58\/revisions"}],"predecessor-version":[{"id":634,"href":"https:\/\/valeriebogaert.fr\/index.php?rest_route=\/wp\/v2\/pages\/58\/revisions\/634"}],"wp:featuredmedia":[{"embeddable":true,"href":"https:\/\/valeriebogaert.fr\/index.php?rest_route=\/wp\/v2\/media\/462"}],"wp:attachment":[{"href":"https:\/\/valeriebogaert.fr\/index.php?rest_route=%2Fwp%2Fv2%2Fmedia&parent=58"}],"curies":[{"name":"wp","href":"https:\/\/api.w.org\/{rel}","templated":true}]}}