{"id":7,"date":"2021-10-07T21:14:52","date_gmt":"2021-10-07T19:14:52","guid":{"rendered":"http:\/\/valeriebogaert.fr\/?page_id=7"},"modified":"2025-03-06T18:34:16","modified_gmt":"2025-03-06T17:34:16","slug":"a-propos-de","status":"publish","type":"page","link":"https:\/\/valeriebogaert.fr\/?page_id=7","title":{"rendered":"\u00c0 propos de"},"content":{"rendered":"\n<p><strong>Val\u00e9rie Bogaert est Coach certifi\u00e9e, professionnelle de l\u2019accompagnement des individus, des \u00e9quipes et des organisations. Elle est \u00e9galement Formatrice experte en cr\u00e9ativit\u00e9 et Auteure.<\/strong> <\/p>\n\n\n\n<p>Ex-manager marketing, son exp\u00e9rience pendant pr\u00e8s de 15 ans en entreprise chez Axa, Sony et Tnt (devenu Fedex) lui permet un accompagnement pragmatique et orient\u00e9 solution, bas\u00e9 sur une \u00e9coute de qualit\u00e9. Ayant v\u00e9cu au Mexique, aux \u00c9tats-Unis et en Allemagne, elle sait ce que veut dire s&#8217;adapter et faire preuve de curiosit\u00e9 dans un nouvel environnement (les fameuses Soft Skills).<\/p>\n\n\n\n<p><strong>\ud83d\udcab Les b\u00e9n\u00e9fices de mettre en place un coaching professionnel ? <\/strong><\/p>\n\n\n\n<ul>\n<li>Aider \u00e0 retrouver sens et plaisir au travail, innover et donner vie \u00e0 vos projets !<\/li>\n\n\n\n<li>Adapter le questionnement et les outils utilis\u00e9s afin que chacun puisse trouver ses ressources, se faire confiance et ose explorer de nouveaux chemins.<\/li>\n\n\n\n<li>Accompagner au changement, que celui-ci soit li\u00e9 \u00e0 l&#8217;entrepreneuriat, \u00e0 une transition de carri\u00e8re ou encore \u00e0 une expatriation.<\/li>\n\n\n\n<li>Envie de sortir du cadre ? Vous \u00eates au bon endroit !<\/li>\n<\/ul>\n\n\n\n<p>Elle souscrit aux principes \u00e9thiques du \u00ab Comit\u00e9 d\u2019\u00e9thique du Coaching \u00bb et adh\u00e8re au SFAPEC, (Syndicat Fran\u00e7ais des Acteurs Professionnels du Coaching).<\/p>\n\n\n\n<p>Sa devise s&#8217;inspire de ses nombreuses ann\u00e9es pass\u00e9es \u00e0 l&#8217;\u00e9tranger et d&#8217;une phrase de l&#8217;artiste mexicaine Frida Kahlo : \u00ab<em>&nbsp;Je vois toujours des horizons l\u00e0 o\u00f9 tu dessines des fronti\u00e8res&nbsp;<\/em>\u00bb.<\/p>\n\n\n\n<p>D\u00e9couvrir quelques <a href=\"http:\/\/valeriebogaert.fr\/?page_id=58\">t\u00e9moignages clients suite \u00e0 leur cycle de coaching.<\/a><\/p>\n\n\n\n<figure class=\"wp-block-image size-large\"><img decoding=\"async\" loading=\"lazy\" width=\"810\" height=\"456\" src=\"https:\/\/i0.wp.com\/valeriebogaert.fr\/wp-content\/uploads\/2023\/10\/Formats-intervention-Valerie-Bogaert-coach-et-formatrice-page-001.jpg?resize=810%2C456\" alt=\"Accompagnement pour trouver ses ressources, accro\u00eetre ses comp\u00e9tences avec Val\u00e9rie Bogaert, coach certifi\u00e9e et formatrice\" class=\"wp-image-430\" title=\"formats d'intervention de Val\u00e9rie Bogaert, coach et formatrice \u00e0 Lyon\" srcset=\"https:\/\/i0.wp.com\/valeriebogaert.fr\/wp-content\/uploads\/2023\/10\/Formats-intervention-Valerie-Bogaert-coach-et-formatrice-page-001.jpg?resize=1024%2C576&amp;ssl=1 1024w, https:\/\/i0.wp.com\/valeriebogaert.fr\/wp-content\/uploads\/2023\/10\/Formats-intervention-Valerie-Bogaert-coach-et-formatrice-page-001.jpg?resize=300%2C169&amp;ssl=1 300w, https:\/\/i0.wp.com\/valeriebogaert.fr\/wp-content\/uploads\/2023\/10\/Formats-intervention-Valerie-Bogaert-coach-et-formatrice-page-001.jpg?resize=768%2C432&amp;ssl=1 768w, https:\/\/i0.wp.com\/valeriebogaert.fr\/wp-content\/uploads\/2023\/10\/Formats-intervention-Valerie-Bogaert-coach-et-formatrice-page-001.jpg?resize=1536%2C864&amp;ssl=1 1536w, https:\/\/i0.wp.com\/valeriebogaert.fr\/wp-content\/uploads\/2023\/10\/Formats-intervention-Valerie-Bogaert-coach-et-formatrice-page-001.jpg?resize=107%2C60&amp;ssl=1 107w, https:\/\/i0.wp.com\/valeriebogaert.fr\/wp-content\/uploads\/2023\/10\/Formats-intervention-Valerie-Bogaert-coach-et-formatrice-page-001.jpg?w=2000&amp;ssl=1 2000w, https:\/\/i0.wp.com\/valeriebogaert.fr\/wp-content\/uploads\/2023\/10\/Formats-intervention-Valerie-Bogaert-coach-et-formatrice-page-001.jpg?w=1620 1620w\" sizes=\"(max-width: 810px) 100vw, 810px\" data-recalc-dims=\"1\" \/><\/figure>\n\n\n\n<h2 class=\"wp-block-heading\">Une palette de solutions<\/h2>\n\n\n\n<p>Insatiable curieuse, elle s&#8217;est ainsi form\u00e9e ces derni\u00e8res ann\u00e9es \u00e0 l&#8217;Approche Narrative avec l&#8217;Arbre de Vie et le Voyage de Vie, au mod\u00e8le de structuration des personnalit\u00e9 avec l&#8217;Enn\u00e9agramme, au Creative Problem Solving&#8230; Pour en savoir plus sur les <strong>FORMATIONS Soft Skills<\/strong> qu&#8217;elle dispense <a rel=\"noreferrer noopener\" href=\"http:\/\/valeriebogaert.fr\/?page_id=423\" target=\"_blank\">cliquez ici<\/a>.<\/p>\n\n\n\n<p>Elle aime transmettre aux autres, aussi bien \u00e0 l&#8217;universit\u00e9 qu&#8217;en entreprise via des conf\u00e9rences, ateliers ou formations, et continue(ra) bien s\u00fbr \u00e0 apprendre et \u00e0 se faire superviser pour respecter le code de d\u00e9ontologie de coach professionnelle et rester vigilante \u00e0 am\u00e9liorer sans cesse sa pratique. D\u00e9couvrez les prestations de <strong>COACHING professionnel individuel et collectif <\/strong><a rel=\"noreferrer noopener\" href=\"http:\/\/valeriebogaert.fr\/?page_id=58\" target=\"_blank\">en cliquant ici<\/a>.<\/p>\n\n\n\n<p>Son livre <a href=\"https:\/\/livre.fnac.com\/a16126473\/Carole-Cesareo-Liberer-sa-creativite?awc=12665_1634658490_5fa882ae7c59e535ec22371794fc3b44&amp;ectrans=1&amp;Origin=Awin940051\">Lib\u00e9rer sa cr\u00e9ativit\u00e9<\/a>, co-\u00e9crit avec Carole Cesareo et paru fin 2021 est ainsi n\u00e9 tout naturellement de cette envie de partager le fruit d&#8217;ann\u00e9es d&#8217;exploration. Au programme notamment : identifier son profil cr\u00e9atif, favoriser l&#8217;intelligence collective, faire \u00e9merger des id\u00e9es lors de s\u00e9ances de brainstorming, passer \u00e0 l&#8217;action&#8230; Pour en savoir plus, d\u00e9couvrez <a rel=\"noreferrer noopener\" href=\"http:\/\/valeriebogaert.fr\/?p=42\" target=\"_blank\">l&#8217;article<\/a> sur le sujet.<\/p>\n\n\n\n<p>Pour aller plus loin et \u00e9changer ensemble merci d&#8217;\u00e9crire \u00e0 <a href=\"mailto:vbogaert.coaching@gmail.com\">vbogaert.coaching@gmail.com<\/a><\/p>\n\n\n\n<h2 class=\"wp-block-heading\"><strong>Mes principaux partenaires <\/strong><\/h2>\n\n\n\n<div class=\"wp-block-group is-layout-constrained wp-block-group-is-layout-constrained\"><div class=\"wp-block-group__inner-container\">\n<div class=\"wp-block-group is-layout-constrained wp-block-group-is-layout-constrained\"><div class=\"wp-block-group__inner-container\">\n<p>Pour les Team Buildings :<\/p>\n\n\n\n<ul>\n<li><a href=\"https:\/\/www.team-building-lyon.com\/Methode-LEGO-SERIOUS-PLAY_a110.html\" data-type=\"link\" data-id=\"https:\/\/www.team-building-lyon.com\/Methode-LEGO-SERIOUS-PLAY_a110.html\">Team Building Rh\u00f4ne<\/a> notamment pour son expertise de la m\u00e9thode LEGO\u00ae SERIOUS PLAY\u00ae<\/li>\n\n\n\n<li><a href=\"https:\/\/fakeart.fr\/\" data-type=\"link\" data-id=\"https:\/\/fakeart.fr\/\">Fakeart<\/a> pour vous permettre de communiquer de mani\u00e8re arty et remarquable avec des objets inspir\u00e9s des moments de coh\u00e9sion<\/li>\n<\/ul>\n\n\n\n<p>Pour le D\u00e9veloppement Personnel :<\/p>\n\n\n\n<ul>\n<li><a href=\"https:\/\/emovare.fr\/\" data-type=\"link\" data-id=\"https:\/\/emovare.fr\/\">Emovare<\/a> pour un travail approfondi sur les \u00e9motions (diagnostic EQi)<\/li>\n\n\n\n<li><a href=\"https:\/\/evolustep.fr\/\" data-type=\"link\" data-id=\"https:\/\/evolustep.fr\/\">EvoluStep<\/a> lorsque la sophrologie permet d&#8217;apporter cart\u00e9 et s\u00e9r\u00e9nit\u00e9<\/li>\n<\/ul>\n\n\n\n<p>Pour l&#8217;Accompagnement au Changement :<\/p>\n\n\n\n<ul>\n<li><a href=\"https:\/\/www.ovvio-innovation.com\/\">Ovvio<\/a> pour donner vie \u00e0 des projets d&#8217;innovation<\/li>\n<\/ul>\n<\/div><\/div>\n\n\n\n<p><\/p>\n<\/div><\/div>\n\n\n\n<p><\/p>\n","protected":false},"excerpt":{"rendered":"<p>Val\u00e9rie Bogaert, coach professionnelle certifi\u00e9e et formatrice experte en cr\u00e9ativit\u00e9 accompagne les individus et \u00e9quipes. Vous avez un besoin sur une th\u00e9matique li\u00e9e \u00e0 une transition, une acc\u00e9l\u00e9ration de carri\u00e8re, une posture de manager \u00e0 asseoir ? <\/p>\n<p>Son expertise :<br \/>\n&#8211; vous aider \u00e0 y voir plus clair pour atteindre pas \u00e0 pas un objectif pr\u00e9cis gr\u00e2ce \u00e0 un processus cadr\u00e9 ET cr\u00e9atif.<br \/>\n&#8211; connaissance des environnements multiculturels.<\/p>\n<p>Envie de passer \u00e0 l&#8217;action, d&#8217;exp\u00e9rimenter et de faire p\u00e9tiller les id\u00e9es, en solo ou en groupe, pour plus de bien-\u00eatre et de performance au quotidien ?<br \/>\nVous \u00eates au bon endroit \ud83d\udcab<\/p>\n","protected":false},"author":1,"featured_media":422,"parent":0,"menu_order":0,"comment_status":"closed","ping_status":"closed","template":"","meta":{"advanced_seo_description":"coaching professionnel individuel ou en \u00e9quipe sur Lyon","jetpack_seo_html_title":"coaching professionnel ","jetpack_seo_noindex":false,"footnotes":""},"jetpack_sharing_enabled":true,"jetpack-related-posts":[],"_links":{"self":[{"href":"https:\/\/valeriebogaert.fr\/index.php?rest_route=\/wp\/v2\/pages\/7"}],"collection":[{"href":"https:\/\/valeriebogaert.fr\/index.php?rest_route=\/wp\/v2\/pages"}],"about":[{"href":"https:\/\/valeriebogaert.fr\/index.php?rest_route=\/wp\/v2\/types\/page"}],"author":[{"embeddable":true,"href":"https:\/\/valeriebogaert.fr\/index.php?rest_route=\/wp\/v2\/users\/1"}],"replies":[{"embeddable":true,"href":"https:\/\/valeriebogaert.fr\/index.php?rest_route=%2Fwp%2Fv2%2Fcomments&post=7"}],"version-history":[{"count":34,"href":"https:\/\/valeriebogaert.fr\/index.php?rest_route=\/wp\/v2\/pages\/7\/revisions"}],"predecessor-version":[{"id":759,"href":"https:\/\/valeriebogaert.fr\/index.php?rest_route=\/wp\/v2\/pages\/7\/revisions\/759"}],"wp:featuredmedia":[{"embeddable":true,"href":"https:\/\/valeriebogaert.fr\/index.php?rest_route=\/wp\/v2\/media\/422"}],"wp:attachment":[{"href":"https:\/\/valeriebogaert.fr\/index.php?rest_route=%2Fwp%2Fv2%2Fmedia&parent=7"}],"curies":[{"name":"wp","href":"https:\/\/api.w.org\/{rel}","templated":true}]}}

À propos de

<p><strong>Valérie Bogaert est Coach certifiée, professionnelle de l’accompagnement des individus, des équipes et des organisations. Elle est également Formatrice experte en créativité et Auteure.</strong> </p>



<p>Ex-manager marketing, son expérience pendant près de 15 ans en entreprise chez Axa, Sony et Tnt (devenu Fedex) lui permet un accompagnement pragmatique et orienté solution, basé sur une écoute de qualité. Ayant vécu au Mexique, aux États-Unis et en Allemagne, elle sait ce que veut dire s&#8217;adapter et faire preuve de curiosité dans un nouvel environnement (les fameuses Soft Skills).</p>



<p><strong>💫 Les bénéfices de mettre en place un coaching professionnel ? </strong></p>



<ul>
<li>Aider à retrouver sens et plaisir au travail, innover et donner vie à vos projets !</li>



<li>Adapter le questionnement et les outils utilisés afin que chacun puisse trouver ses ressources, se faire confiance et ose explorer de nouveaux chemins.</li>



<li>Accompagner au changement, que celui-ci soit lié à l&#8217;entrepreneuriat, à une transition de carrière ou encore à une expatriation.</li>



<li>Envie de sortir du cadre ? Vous êtes au bon endroit !</li>
</ul>



<p>Elle souscrit aux principes éthiques du « Comité d’éthique du Coaching » et adhère au SFAPEC, (Syndicat Français des Acteurs Professionnels du Coaching).</p>



<p>Sa devise s&#8217;inspire de ses nombreuses années passées à l&#8217;étranger et d&#8217;une phrase de l&#8217;artiste mexicaine Frida Kahlo : «<em>&nbsp;Je vois toujours des horizons là où tu dessines des frontières&nbsp;</em>».</p>



<p>Découvrir quelques <a href="http://valeriebogaert.fr/?page_id=58">témoignages clients suite à leur cycle de coaching.</a></p>



<figure class="wp-block-image size-large"><img decoding="async" loading="lazy" width="810" height="456" src="https://i0.wp.com/valeriebogaert.fr/wp-content/uploads/2023/10/Formats-intervention-Valerie-Bogaert-coach-et-formatrice-page-001.jpg?resize=810%2C456" alt="Accompagnement pour trouver ses ressources, accroître ses compétences avec Valérie Bogaert, coach certifiée et formatrice" class="wp-image-430" title="formats d'intervention de Valérie Bogaert, coach et formatrice à Lyon" srcset="https://i0.wp.com/valeriebogaert.fr/wp-content/uploads/2023/10/Formats-intervention-Valerie-Bogaert-coach-et-formatrice-page-001.jpg?resize=1024%2C576&amp;ssl=1 1024w, https://i0.wp.com/valeriebogaert.fr/wp-content/uploads/2023/10/Formats-intervention-Valerie-Bogaert-coach-et-formatrice-page-001.jpg?resize=300%2C169&amp;ssl=1 300w, https://i0.wp.com/valeriebogaert.fr/wp-content/uploads/2023/10/Formats-intervention-Valerie-Bogaert-coach-et-formatrice-page-001.jpg?resize=768%2C432&amp;ssl=1 768w, https://i0.wp.com/valeriebogaert.fr/wp-content/uploads/2023/10/Formats-intervention-Valerie-Bogaert-coach-et-formatrice-page-001.jpg?resize=1536%2C864&amp;ssl=1 1536w, https://i0.wp.com/valeriebogaert.fr/wp-content/uploads/2023/10/Formats-intervention-Valerie-Bogaert-coach-et-formatrice-page-001.jpg?resize=107%2C60&amp;ssl=1 107w, https://i0.wp.com/valeriebogaert.fr/wp-content/uploads/2023/10/Formats-intervention-Valerie-Bogaert-coach-et-formatrice-page-001.jpg?w=2000&amp;ssl=1 2000w, https://i0.wp.com/valeriebogaert.fr/wp-content/uploads/2023/10/Formats-intervention-Valerie-Bogaert-coach-et-formatrice-page-001.jpg?w=1620 1620w" sizes="(max-width: 810px) 100vw, 810px" data-recalc-dims="1" /></figure>



<h2 class="wp-block-heading">Une palette de solutions</h2>



<p>Insatiable curieuse, elle s&#8217;est ainsi formée ces dernières années à l&#8217;Approche Narrative avec l&#8217;Arbre de Vie et le Voyage de Vie, au modèle de structuration des personnalité avec l&#8217;Ennéagramme, au Creative Problem Solving&#8230; Pour en savoir plus sur les <strong>FORMATIONS Soft Skills</strong> qu&#8217;elle dispense <a rel="noreferrer noopener" href="http://valeriebogaert.fr/?page_id=423" target="_blank">cliquez ici</a>.</p>



<p>Elle aime transmettre aux autres, aussi bien à l&#8217;université qu&#8217;en entreprise via des conférences, ateliers ou formations, et continue(ra) bien sûr à apprendre et à se faire superviser pour respecter le code de déontologie de coach professionnelle et rester vigilante à améliorer sans cesse sa pratique. Découvrez les prestations de <strong>COACHING professionnel individuel et collectif </strong><a rel="noreferrer noopener" href="http://valeriebogaert.fr/?page_id=58" target="_blank">en cliquant ici</a>.</p>



<p>Son livre <a href="https://livre.fnac.com/a16126473/Carole-Cesareo-Liberer-sa-creativite?awc=12665_1634658490_5fa882ae7c59e535ec22371794fc3b44&amp;ectrans=1&amp;Origin=Awin940051">Libérer sa créativité</a>, co-écrit avec Carole Cesareo et paru fin 2021 est ainsi né tout naturellement de cette envie de partager le fruit d&#8217;années d&#8217;exploration. Au programme notamment : identifier son profil créatif, favoriser l&#8217;intelligence collective, faire émerger des idées lors de séances de brainstorming, passer à l&#8217;action&#8230; Pour en savoir plus, découvrez <a rel="noreferrer noopener" href="http://valeriebogaert.fr/?p=42" target="_blank">l&#8217;article</a> sur le sujet.</p>



<p>Pour aller plus loin et échanger ensemble merci d&#8217;écrire à <a href="mailto:vbogaert.coaching@gmail.com">vbogaert.coaching@gmail.com</a></p>



<h2 class="wp-block-heading"><strong>Mes principaux partenaires </strong></h2>



<div class="wp-block-group is-layout-constrained wp-block-group-is-layout-constrained"><div class="wp-block-group__inner-container">
<div class="wp-block-group is-layout-constrained wp-block-group-is-layout-constrained"><div class="wp-block-group__inner-container">
<p>Pour les Team Buildings :</p>



<ul>
<li><a href="https://www.team-building-lyon.com/Methode-LEGO-SERIOUS-PLAY_a110.html" data-type="link" data-id="https://www.team-building-lyon.com/Methode-LEGO-SERIOUS-PLAY_a110.html">Team Building Rhône</a> notamment pour son expertise de la méthode LEGO® SERIOUS PLAY®</li>



<li><a href="https://fakeart.fr/" data-type="link" data-id="https://fakeart.fr/">Fakeart</a> pour vous permettre de communiquer de manière arty et remarquable avec des objets inspirés des moments de cohésion</li>
</ul>



<p>Pour le Développement Personnel :</p>



<ul>
<li><a href="https://emovare.fr/" data-type="link" data-id="https://emovare.fr/">Emovare</a> pour un travail approfondi sur les émotions (diagnostic EQi)</li>



<li><a href="https://evolustep.fr/" data-type="link" data-id="https://evolustep.fr/">EvoluStep</a> lorsque la sophrologie permet d&#8217;apporter carté et sérénité</li>
</ul>



<p>Pour l&#8217;Accompagnement au Changement :</p>



<ul>
<li><a href="https://www.ovvio-innovation.com/">Ovvio</a> pour donner vie à des projets d&#8217;innovation</li>
</ul>
</div></div>



<p></p>
</div></div>



<p></p>

<p>Valérie Bogaert, coach professionnelle certifiée et formatrice experte en créativité accompagne les individus et équipes. Vous avez un besoin sur une thématique liée à une transition, une accélération de carrière, une posture de manager à asseoir ? </p>
<p>Son expertise :<br />
&#8211; vous aider à y voir plus clair pour atteindre pas à pas un objectif précis grâce à un processus cadré ET créatif.<br />
&#8211; connaissance des environnements multiculturels.</p>
<p>Envie de passer à l&#8217;action, d&#8217;expérimenter et de faire pétiller les idées, en solo ou en groupe, pour plus de bien-être et de performance au quotidien ?<br />
Vous êtes au bon endroit 💫</p>

coaching professionnel individuel ou en équipe sur Lyon
